ctor of 179?
False
Does 41 divide 4428?
True
Is 32 a multiple of 12?
False
Is 1570 a multiple of 50?
False
Is 20 a factor of 119285?
False
Is 19460 a multiple of 180?
False
Is 32 a factor of 2528?
True
Does 19 divide 2793?
True
Is 34 a factor of 13090?
True
Does 119 divide 565?
False
Does 52 divide 6448?
True
Is 29 a factor of 9025?
False
Is 12 a factor of 34200?
True
Is 182 a factor of 12194?
True
Is 7 a factor of 44?
False
Is 12 a factor of 12754?
False
Does 128 divide 45568?
True
Is 16 a factor of 830?
False
Is 11 a factor of 1563?
False
Is 97940 a multiple of 166?
True
Is 3 a factor of 63?
True
Does 12 divide 2808?
True
Does 19 divide 171?
True
Does 17 divide 1616?
False
Is 93 a factor of 558?
True
Is 39339 a multiple of 279?
True
Is 11 a factor of 145926?
True
Is 31 a factor of 2438?
False
Is 17652 a multiple of 6?
True
Is 64 a factor of 4224?
True
Does 212 divide 848?
True
Is 24 a factor of 600?
True
Is 1254 a multiple of 19?
True
Does 7 divide 4169?
False
Is 299 a multiple of 9?
False
Is 63918 a multiple of 32?
False
Does 79 divide 4423?
False
Is 5 a factor of 7?
False
Is 2436 a multiple of 87?
True
Does 82 divide 34522?
True
Is 660 a multiple of 44?
True
Is 1318 even?
True
Is 20 a factor of 3420?
True
Does 38 divide 76?
True
Does 82 divide 1075?
False
Does 12 divide 4811?
False
Is 5826 a multiple of 27?
False
Is 42 a factor of 1358?
False
Does 23 divide 89700?
True
Is 25 a multiple of 3?
False
Is 364 a multiple of 56?
False
Does 8 divide 2028?
False
Is 52 a factor of 2184?
True
Does 4 divide 3324?
True
Is 3525 a multiple of 47?
True
Is 34 a factor of 714?
True
Is 6243 a multiple of 163?
False
Is 26369 a multiple of 39?
False
Does 12 divide 1728?
True
Is 64 a factor of 2865?
False
Is 84 a factor of 1428?
True
Does 108 divide 34668?
True
Is 12 a factor of 336?
True
Is 55 a factor of 317?
False
Does 23 divide 3661?
False
Does 3 divide 1284?
True
Is 20 a factor of 900?
True
Does 159 divide 439?
False
Is 262 a factor of 31702?
True
Is 74 a factor of 6623?
False
Is 52 a factor of 13260?
True
Does 20 divide 200?
True
Is 211 a factor of 1018?
False
Does 4 divide 2480?
True
Is 16 a factor of 1344?
True
Does 2 divide 162?
True
Is 29 a factor of 1113?
False
Is 13674 a multiple of 43?
True
Is 11 a factor of 2376?
True
Is 86 a multiple of 71?
False
Is 188 a multiple of 47?
True
Is 14 a factor of 18536?
True
Is 43836 a multiple of 244?
False
Does 8 divide 825?
False
Does 14 divide 30856?
True
Is 15 a factor of 5400?
True
Does 109 divide 2240?
False
Is 13 a factor of 3386?
False
Is 10 a factor of 4150?
True
Does 8 divide 560?
True
Is 642 a multiple of 11?
False
Does 10 divide 17180?
True
Does 18 divide 74828?
False
Is 73 a multiple of 5?
False
Is 31 a factor of 61163?
True
Is 2054 a multiple of 102?
False
Is 5 a factor of 230?
True
Is 24 a factor of 3072?
True
Is 12921 a multiple of 52?
False
Is 650 a multiple of 50?
True
Is 125 a multiple of 25?
True
Is 207 a multiple of 10?
False
Is 2 a factor of 1314?
True
Is 12 a factor of 51072?
True
Is 8874 a multiple of 34?
True
Is 10 a factor of 15714?
False
Is 74464 a multiple of 104?
True
Is 6 a factor of 108?
True
Is 9 a factor of 2511?
True
Is 772 a multiple of 7?
False
Does 3 divide 19332?
True
Is 45 a factor of 1650?
False
Is 26 a factor of 5382?
True
Is 2510 a multiple of 8?
False
Is 8468 a multiple of 14?
False
Is 14 a factor of 37646?
True
Does 32 divide 22495?
False
Is 14 a factor of 2800?
True
Does 12 divide 5450?
False
Does 10 divide 8981?
False
Does 2 divide 4224?
True
Does 23 divide 21643?
True
Is 2375 a multiple of 41?
False
Is 902 a multiple of 11?
True
Is 45 a factor of 10755?
True
Is 1245 a multiple of 43?
False
Is 9810 a multiple of 4?
False
Is 19343 a multiple of 60?
False
Is 1039 a multiple of 38?
False
Is 22 even?
True
Does 88 divide 5324?
False
Does 14 divide 154?
True
Is 35458 a multiple of 38?
False
Does 120 divide 1345?
False
Does 47 divide 42112?
True
Is 25 a factor of 475?
True
Is 12 a factor of 2916?
True
Does 20 divide 1400?
True
Is 2 a factor of 64?
True
Is 21 a factor of 73316?
False
Does 7 divide 133?
True
Does 65 divide 1885?
True
Does 14 divide 28213?
False
Is 422 a multiple of 4?
False
Is 530 a multiple of 35?
False
Is 31 a factor of 1955?
False
Is 17 a factor of 75?
False
Is 27331 a multiple of 151?
True
Is 33 a factor of 18777?
True
Does 7 divide 239?
False
Is 74 a factor of 43512?
True
Is 750 a multiple of 23?
False
Is 11 a factor of 275?
True
Does 7 divide 18236?
False
Does 153 divide 6426?
True
Does 46 divide 86538?
False
Is 900 a multiple of 9?
True
Is 674 a multiple of 15?
False
Is 16 a factor of 480?
True
Does 9 divide 77?
False
Does 70 divide 3990?
True
Is 2142 a multiple of 126?
True
Is 11 a factor of 374?
True
Is 36 a factor of 56003?
False
Does 6 divide 1352?
False
Does 5 divide 78?
False
Does 2 divide 2813?
False
Is 1045 a multiple of 8?
False
Does 23 divide 23779?
False
Does 33 divide 65317?
False
Is 9 a factor of 6877?
False
Is 75 a factor of 150?
True
Is 3570 a multiple of 15?
True
Is 1425 a multiple of 57?
True
Does 51 divide 12136?
False
Is 5504 a multiple of 43?
True
Is 515 a multiple of 6?
False
Does 7 divide 1918?
True
Is 635 a multiple of 4?
False
Does 13 divide 1716?
True
Is 2064 a multiple of 43?
True
Is 9340 a multiple of 20?
True
Does 2 divide 975?
False
Is 949 a multiple of 13?
True
Is 155 a factor of 24345?
False
Does 46 divide 3164?
False
Is 10381 a multiple of 11?
False
Is 3 a factor of 162?
True
Does 69 divide 483?
True
Is 15 a factor of 187?
False
Is 35 a factor of 2905?
True
Does 85 divide 3023?
False
Is 4635 a multiple of 5?
True
Is 480 a multiple of 40?
True
Is 16 a factor of 2517?
False
Is 72 a factor of 13607?
False
Is 750 a multiple of 50?
True
Is 57 a multiple of 3?
True
Is 34 a factor of 2324?
False
Is 7 a factor of 377?
False
Is 39 a factor of 8843?
False
Does 20 divide 11854?
False
Is 29601 a multiple of 23?
True
Is 11 a factor of 649?
True
Is 600 even?
True
Does 410 divide 65247?
False
Is 3989 a multiple of 99?
False
Is 1580 a multiple of 24?
False
Is 780 a multiple of 13?
True
Does 22 divide 5082?
True
Does 372 divide 59148?
True
Does 11 divide 40788?
True
Does 15 divide 568?
False
Is 326 a multiple of 2?
True
Is 24325 a multiple of 25?
True
Does 118 divide 1323?
False
Does 20 divide 30972?
False
Does 57 divide 24778?
False
Is 149 a factor of 16241?
True
Is 29281 a multiple of 7?
True
Does 58 divide 30259?
False
Does 33 divide 726?
True
Is 174 a factor of 67164?
True
Does 11 divide 1089?
True
Is 26290 a multiple of 55?
True
Is 1324 a multiple of 12?
False
Is 44 a factor of 61406?
False
Is 10 a factor of 34001?
False
Is 20 a factor of 500?
True
Does 137 divide 24624?
False
Is 92 a multiple of 4?
True
Does 113 divide 1241?
False
Does 44 divide 27725?
False
Is 143 even?
False
Is 2189 a multiple of 11?
True
Does 193 divide 6369?
True
Does 12 divide 42665?
False
Is 58 a factor of 1218?
True
Is 11 a factor of 459?
False
Is 713 a multiple of 31?
True
Is 16920 a multiple of 141?
True
Is 62 a factor of 7401?
False
Is 119 a factor of 2167?
False
Is 14402 a multiple of 38?
True
Is 2 a factor of 3?
False
Is 432 a multiple of 9?
True
Is 31 a factor of 589?
True
Is 8 a factor of 618?
False
Is 5670 a multiple of 19?
False
Does 12 divide 552?
True
Is 2184 a multiple of 42?
True
Is 740 a multiple of 37?
True
Is 4441 a multiple of 8?
False
Is 9872 a multiple of 2?
True
Is 264 a multiple of 24?
True
Does 44 divide 324?
False
Does 129 divide 48633?
True
Is 12 a factor of 482?
False
Does 108 divide 40716?
True
Is 4684 a multiple of 94?
False
Is 26 a factor of 832?
True
Is 198 a multiple of 11?
True
Is 358 a factor of 4445?
False
Does 37 divide 1608?
False
Does 3 divide 1979?
False
Is 159270 a multiple of 64?
False
Is 93 a factor of 4763?
False
Is 12 a factor of 577?
False
Is 486 a multiple of 18?
True
Is 1129 a multiple of 22?
False
Is 52438 a multiple of 167?
True
Is 566 a multiple of 8?
False
Is 5119 a multiple of 71?
False
Is 10 a factor of 4918?
False
Is 1654 a multiple of 71?
False
Is 138 a factor of 21829?
False
Does 17 divide 8415?
True
Is 9479 a multiple of 6?
False
Does 129 divide 15491?
False
Is 13158 a multiple of 34?
True
Is 2904 a multiple of 11?
True
Is 14 a factor of 1190?
True
Is 159 a factor of 3386?
False
Does 14 divide 396?
Fal